
19
Let m(k) = -5*k**2 + 6*k + 1. Let c(w) = 9*w**2 - 23*w - 21. Let a(h) = c(h) + 2*m(h). Determine a(-12).
-31
Let g(z) = -22 - 4*z + z + 2*z. Let p(a) = -125*a**2 - 255*a - 10. Let v be p(-2). Determine g(v).
-22
Let j(r) = 50*r - 194. Let v be 110/11 - (-13)/((-39)/18). What is j(v)?
6
Suppose 52*o - 2 = 13*o - 2. Let k(v) be the second derivative of -12*v + o + 1/12*v**4 + 2*v**2 - 4/3*v**3. Give k(7).
-3
Let f(h) = 3*h**3 - 5*h**2 + 21*h + 8. Let r(y) = y**3 + y**2 + 7*y. Let k(o) = f(o) - 4*r(o). Give k(-8).
0
Suppose 0 = -9*v + 31 + 14. Suppose 5*i - v*a + 30 = -a, a = 5*i + 30. Let u(z) = -z**3 - 6*z**2 - z + 6. What is u(i)?
12
Suppose 3*j - 4 = -2*v, -80 = -3*j + 4*v - 52. Let a(l) = -16*l + 71. Determine a(j).
7
Let z(f) = 22*f + 90. Let d(a) = a**3 - 55*a**2 + 340*a - 196. Let n be d(48). Calculate z(n).
2
Let i(c) = 7*c - 388. Let j be i(55). Let u(p) be the second derivative of p**4/12 + 2*p**3/3 + p**2 + 2*p. What is u(j)?
-1
Suppose -3991*r + 4006*r = 180. Let h(w) = -w**2 + 11*w - 7. Determine h(r).
-19
Let j be (-352)/(-80)*5/(-2) - 3. Let r(h) = 8*h + 120. Calculate r(j).
8
Let m(t) = 3*t + 1. Let s = 134 + -102. Suppose -s = 9*x - 50. Give m(x).
7
Let d(a) be the second derivative of a**3/6 - 3*a**2/2 + a. Let m(r) = -r**2 - 9*r - 17. Let i be m(-5). Let b be (-276)/184*10/i. Calculate d(b).
-8
Let k(g) = -3*g - 10. Suppose -6*l = -2*q - 3*l + 223, 0 = 2*l - 2. Let c = q + -116. Calculate k(c).
-1
Let y(g) = 5*g**2 - 76*g - 12. Let t(n) = -4*n**2 + 56*n + 11. Let i(q) = -4*t(q) - 3*y(q). What is i(7)?
69
Let s(i) = 38*i - 463. Let f be s(12). Let q(g) = -g**2 - 6*g + 4. Determine q(f).
-3
Suppose -36*z = -44 + 152. Let y(u) = -29*u - 7. Determine y(z).
80
Let q = -2 - 1. Let p be ((-36)/32 - 4/(-32)) + 3. Let j(a) = 2*a + 39*a**2 - 74*a**2 + 36*a**p - 1 - a. Calculate j(q).
5
Suppose 14539*k = 14547*k - 76 + 220. Let y(q) = -q**3 - 17*q**2 + 12*q - 100. Give y(k).
8
Suppose -4*m + 51 = 43. Suppose m*s - s - 13 = 0. Let q(k) = -22*k + 10*k + s*k. Calculate q(-2).
-2
Let w(c) be the first derivative of -c**3/3 - 13*c**2/2 + 5769. Determine w(-11).
22
Let f(t) = -103*t + 44. Let y(h) = -45*h + 21. Let a(b) = 3*f(b) - 7*y(b). What is a(0)?
-15
Let s be (-20)/(-130)*-27 - (-6)/39. Let c(i) = 21*i - 7. Calculate c(s).
-91
Let t(a) = 11*a**2 + 14*a - 20 + 55 + 16 + 9*a + 10*a**3 - 11*a**3. Determine t(13).
12
Let h(p) = -p**3 - 6*p**2 - p + 10. Suppose -58*w + 17 = -61*w - 2*b, -5*w + 3*b = 3. What is h(w)?
-14
Let c = 15958 + -15966. Let g(a) = -3*a + 5*a + 5 - 3*a + 2*a. Calculate g(c).
-3
Let m(d) = -9 + 6 - 2 - d**2 + 2*d**2. Let s be ((-3)/9)/((-124)/60 + 2). Suppose 3*b = s*x - 17, 4*b = -0*b - x - 15. Calculate m(b).
11
Suppose 4*l = 4*t - 154 - 262, -5*t = -2*l - 529. Suppose 101*p - 42 = t*p. Let a(o) = o**3 + 6*o**2 - 4*o + 8. Give a(p).
-13
Let d(q) = 6*q - 80. Let t = -4254 + 4266. Determine d(t).
-8
Let i(c) = 7*c + 5 - 3 + 10*c - 2*c**2 - 5. Let z(x) = 5*x**2 - 35*x + 5. Let u(n) = -7*i(n) - 3*z(n). Let d be u(-14). Let h(t) = -t + 8. Give h(d).
2
Let z(f) = 4*f**2 + f - 1. Suppose -592*t + 22 = -614*t. Determine z(t).
2
Let q(f) = 83*f**3 + 39*f**2 - 11*f + 613. Let p(k) = -8*k**3 - 4*k**2 + k - 59. Let z(d) = -31*p(d) - 3*q(d). Let v = 4 - -3. What is z(v)?
4
Let u = -12 + -3. Let z = -8 - u. Let q(o) be the second derivative of -o**3/6 + 7*o**2 + o + 295. Determine q(z).
7
Let b be 16/7 - 4/14. Let p(c) be the third derivative of -c**6/120 + c**5/20 - c**4/12 - c**3/3 + 4058*c**2. What is p(b)?
-2
Let d = 890 - 898. Let n(z) = 25*z - 14*z - 10*z + 3. Calculate n(d).
-5
Let z(j) = -j**2 + j + 3. Suppose 6*b - 18*b + 852 = 0. Suppose b*h = 73*h. Determine z(h).
3
Let m(a) be the first derivative of 7/3*a**3 - 1/4*a**4 - 7/2*a**2 + 4*a - 92. Give m(6).
-2
Let m(v) = 131*v**2 + 102*v - 568. Let l(p) = 58*p**2 + 51*p - 282. Let n(c) = -9*l(c) + 4*m(c). Give n(7).
7
Suppose -29*l + 33*l = 12. Let j(p) = -14*p**3 + 17*p**2 + 4*p. Let v(z) = 3*z + 34 - 9*z**3 + 11*z**2 - 34. Let h(w) = 5*j(w) - 8*v(w). Give h(l).
15
Let v(w) = -w**3 - 8*w**2 - 9*w - 11. Let l be v(-7). Let y(h) = -3*h + 67*h**3 - 130*h**3 + 64*h**l + 2 - 3*h**2. Give y(3).
-7
Let h(g) = g**2 + 3*g + 2. Let f be (-2 - -5)*78/(-9). Let v = 27 + f. Let d be ((-4)/(-2))/(v/(-6)*4). What is h(d)?
2
Suppose 3*b - 2*b - 2 = 0. Suppose 7*r = 22 + 28 - 36. Let q(l) = 56 - 34 - r + l - 4*l**b + 5*l**2. Determine q(0).
20
Let j(k) = 2*k - 10. Suppose 32 = 5*f - 2*s - 64, -38 = -2*f + s. Suppose -f = -3*q + x, 17 - 7 = -q - 3*x. What is j(q)?
0
Let x(i) = i**3 - 10*i**2 - 12*i + 9. Let o = 164 + -161. Suppose 5*c - 54 = q + o, 3*q + 6 = 0. Calculate x(c).
-2
Let p(s) = 9*s**3 + 54*s**2 - s - 8. Suppose -2*l + v = 14, 0 = -9*l + 14*l + 2*v + 26. Calculate p(l).
-2
Let j(m) = -18*m + 10*m - 4*m - 14 + m**2 - 4. Suppose 2*g - 32 = 2*s - 4*s, 2*g + 46 = 4*s. Give j(s).
-5
Let a = -2768 + 2764. Let u(k) = -4*k - 24. What is u(a)?
-8
Let x(d) = d**3 + 19*d**2 - 2*d - 11. Let y be (4/(-8))/((-1)/(-38)). Give x(y).
27
Let j(b) = 25*b - 370. Let w = -1480 - -1495. What is j(w)?
5
Let t(z) be the third derivative of 1/60*z**5 + 0 - z**3 + 1/120*z**6 + 0*z**4 - 80*z**2 + 0*z. Calculate t(0).
-6
Suppose -2*z - 5*y + 21 = 0, 2*z - 36*y = -35*y + 3. Let s(w) = -9*w**2 + 13*w + 14*w + 13*w + 8 - w**z - 47*w. Give s(-7).
-41
Suppose 2*k - 67*n = -69*n + 6, -9 = -k - 4*n. Let a(w) = -5*w + 3. Give a(k).
-2
Let h(d) be the second derivative of -d**4/12 - 5*d**3/6 + 2*d**2 + d. Let l(f) = -16*f - 69. Let s be (8 - 0) + 23 + -35. Let a be l(s). What is h(a)?
4
Let p(t) = -9*t. Suppose 16 - 1 = 3*z. Let u(w) = -18*w + 1. Let b(y) = z*p(y) - 2*u(y). Let v be 70/(-25) - (-2)/(-10). Calculate b(v).
25
Suppose 14*s - 20 = 13*s. Let a = 5 + 14. Let g = s - a. Let n(k) = -4*k**3 - k**2 + k - 1. What is n(g)?
-5
Suppose c + 166 = 170, -5*c = 3*k - 23. Let q(r) = 30*r**3 + r**2 + 2*r - 3. Calculate q(k).
30
Let r = -4260 - -4262. Let c(z) be the second derivative of 1/3*z**3 - 19*z - 5*z**r + 0. Calculate c(7).
4
Let o(y) be the third derivative of 1 + 1/60*y**5 + 1/6*y**3 - 1/6*y**4 - 2*y**2 - 1/120*y**6 + 0*y. Calculate o(3).
-29
Let n(a) = -a**3 - 9*a**2 - 14*a - 106. Let l be n(-9). Let x(s) = -s**2 + 18*s + 29. What is x(l)?
-11
Suppose -5*p + 3*t + 12 = -2*p, -5*p + 3*t + 30 = 0. Let u(b) = 2*b**2 - 13*b + 11. What is u(p)?
56
Let m(j) be the first derivative of -j**2 + 2*j - 5781. Let z = -6 - -9. What is m(z)?
-4
Let g(j) = -3*j**2 + 2*j + 1. Suppose 2*r - 46 + 40 = 4*k, -2*r = 5*k - 24. Give g(k).
-7
Suppose 0 = -774*z + 776*z - 5*y - 6, 9 = 3*z + 3*y. Let o(g) = -3*g - 13. Determine o(z).
-22
Let h(f) = -14*f + 5*f + 3*f + 1 - 4*f. Determine h(0).
1
Suppose 0 = -w + 4 - 3. Let r(h) = 6*h**3 + 2*h - 3. Let x = 126 + -128. Let c(k) = 6*k**3 + 3*k - 4. Let i(q) = x*c(q) + 3*r(q). Determine i(w).
5
Let u be (-104)/(-24) + (-10)/(-6). Let z(k) be the first derivative of -7/2*k**2 + 1/3*k**3 + 1 + 4*k. What is z(u)?
-2
Let t be 8 + (-16)/(-56)*7. Let y(a) = t + a**3 - 1 + 552*a - 552*a - 10*a**2. Calculate y(10).
9
Let t(z) = -z**3 - 8*z**2 - 9*z. Let d = -97 + 97. Suppose d = -23*u + 7*u - 96. What is t(u)?
-18
Let m = -42 + 31. Let y be (-2)/m + (-194)/(-22). Let w(h) = -9 - 4*h + 18 - y. Calculate w(-1).
4
Let h(t) = -t**2 - 8*t + 6. Suppose -5*b = -0 - 20. Let k(x) = 4*x**2 - 25*x - 44. Let l be k(8). Suppose -20 - l = b*i. Determine h(i).
6
Let n be (-4)/63*(-21)/(-6) + (-112)/(-18). Let h(r) = -10*r + 94. Give h(n).
34
Let j(i) be the third derivative of -i**4/3 + 71*i**3/6 + i**2 + 144*i. Determine j(9).
-1
Let f = -8 + 7. Let a(p) = -2186 + 2187 - 5*p**2 + 0*p - 16*p**2 + p. Give a(f).
-21
Let s(q) = q - 40. Let z be s(30). Let u(l) = -l - 10. What is u(z)?
0
Let z(h) = 7*h - h**3 + 809*h**2 + 806*h**2 + 1 + 6 - 1605*h**2. Calculate z(11).
-37
Let h(g) = 0*g**3 - 9*g - g**2 - 2*g**3 - 4*g**2 - 10 - g**2. Let w(s) = 3*s**3 + 13*s**2 + 18*s + 21. Let k(v) = -5*h(v) - 3*w(v). Give k(10).
-3
Let v(c) be the third derivative of -c**6/120 - 19*c**5/60 - c**4/12 - 49*c**3/6 + 2*c**2 - 1803*c. Calculate v(-19).
-11
Suppose 52*h = 92*h + 80*h - 480. Let p(u) = -u**3 + 4*u**2 - u. Determine p(h).
-4
Suppose q - 12 = -2*s, -2*s + 23 + 5 = 5*q. Suppose 0*y - 68 = 3*y + f, -3*f = s*y + 94. 